{"id":382,"date":"2024-11-08T08:39:19","date_gmt":"2024-11-08T08:39:19","guid":{"rendered":"https:\/\/spinbetter.center\/azerbaijan\/?page_id=382"},"modified":"2025-03-26T08:30:56","modified_gmt":"2025-03-26T08:30:56","slug":"partners","status":"publish","type":"page","link":"https:\/\/spinbetter.center\/azerbaijan\/partners\/","title":{"rendered":"T\u0259r\u0259fda\u015f"},"content":{"rendered":"","protected":false},"excerpt":{"rendered":"","protected":false},"author":1,"featured_media":0,"parent":0,"menu_order":0,"comment_status":"closed","ping_status":"closed","template":"","meta":{"footnotes":""},"class_list":["post-382","page","type-page","status-publish","hentry"],"yoast_head":"<!-- This site is optimized with the Yoast SEO plugin v27.4 - https:\/\/yoast.com\/product\/yoast-seo-wordpress\/ -->\n<title>SpinBetter Az\u0259rbaycan ortaq proqram: Sabit passiv g\u0259lir<\/title>\n<meta name=\"description\" content=\"SpinBetter ortaq proqram\u0131n\u0131n x\u00fcsusiyy\u0259tl\u0259ri. M\u00fc\u015ft\u0259ril\u0259ri c\u0259lb etm\u0259yin yollar\u0131 v\u0259 filial \u00f6d\u0259ni\u015f sxeml\u0259ri. Filial g\u0259lirinizi nec\u0259 art\u0131rmaqla ba\u011fl\u0131 m\u0259sl\u0259h\u0259tl\u0259r.\" \/>\n<meta name=\"robots\" content=\"index, follow, max-snippet:-1, max-image-preview:large, max-video-preview:-1\" \/>\n<link rel=\"canonical\" href=\"https:\/\/spinbetter.center\/azerbaijan\/partners\/\" \/>\n<meta property=\"og:locale\" content=\"az_AZ\" \/>\n<meta property=\"og:type\" content=\"article\" \/>\n<meta property=\"og:title\" content=\"SpinBetter Az\u0259rbaycan ortaq proqram: Sabit passiv g\u0259lir\" \/>\n<meta property=\"og:description\" content=\"SpinBetter ortaq proqram\u0131n\u0131n x\u00fcsusiyy\u0259tl\u0259ri. M\u00fc\u015ft\u0259ril\u0259ri c\u0259lb etm\u0259yin yollar\u0131 v\u0259 filial \u00f6d\u0259ni\u015f sxeml\u0259ri. Filial g\u0259lirinizi nec\u0259 art\u0131rmaqla ba\u011fl\u0131 m\u0259sl\u0259h\u0259tl\u0259r.\" \/>\n<meta property=\"og:url\" content=\"https:\/\/spinbetter.center\/azerbaijan\/partners\/\" \/>\n<meta property=\"og:site_name\" content=\"SpinBetter az\" \/>\n<meta property=\"article:modified_time\" content=\"2025-03-26T08:30:56+00:00\" \/>\n<meta name=\"twitter:card\" content=\"summary_large_image\" \/>\n<script type=\"application\/ld+json\" class=\"yoast-schema-graph\">{\"@context\":\"https:\\\/\\\/schema.org\",\"@graph\":[{\"@type\":\"WebPage\",\"@id\":\"https:\\\/\\\/spinbetter.center\\\/azerbaijan\\\/partners\\\/\",\"url\":\"https:\\\/\\\/spinbetter.center\\\/azerbaijan\\\/partners\\\/\",\"name\":\"SpinBetter Az\u0259rbaycan ortaq proqram: Sabit passiv g\u0259lir\",\"isPartOf\":{\"@id\":\"https:\\\/\\\/spinbetter.center\\\/azerbaijan\\\/#website\"},\"datePublished\":\"2024-11-08T08:39:19+00:00\",\"dateModified\":\"2025-03-26T08:30:56+00:00\",\"description\":\"SpinBetter ortaq proqram\u0131n\u0131n x\u00fcsusiyy\u0259tl\u0259ri. M\u00fc\u015ft\u0259ril\u0259ri c\u0259lb etm\u0259yin yollar\u0131 v\u0259 filial \u00f6d\u0259ni\u015f sxeml\u0259ri. Filial g\u0259lirinizi nec\u0259 art\u0131rmaqla ba\u011fl\u0131 m\u0259sl\u0259h\u0259tl\u0259r.\",\"breadcrumb\":{\"@id\":\"https:\\\/\\\/spinbetter.center\\\/azerbaijan\\\/partners\\\/#breadcrumb\"},\"inLanguage\":\"az\",\"potentialAction\":[{\"@type\":\"ReadAction\",\"target\":[\"https:\\\/\\\/spinbetter.center\\\/azerbaijan\\\/partners\\\/\"]}]},{\"@type\":\"BreadcrumbList\",\"@id\":\"https:\\\/\\\/spinbetter.center\\\/azerbaijan\\\/partners\\\/#breadcrumb\",\"itemListElement\":[{\"@type\":\"ListItem\",\"position\":1,\"name\":\"Home\",\"item\":\"https:\\\/\\\/spinbetter.center\\\/azerbaijan\\\/\"},{\"@type\":\"ListItem\",\"position\":2,\"name\":\"T\u0259r\u0259fda\u015f\"}]},{\"@type\":\"WebSite\",\"@id\":\"https:\\\/\\\/spinbetter.center\\\/azerbaijan\\\/#website\",\"url\":\"https:\\\/\\\/spinbetter.center\\\/azerbaijan\\\/\",\"name\":\"SpinBetter\",\"description\":\"SpinBetter\",\"alternateName\":\"Spin Better\",\"potentialAction\":[{\"@type\":\"SearchAction\",\"target\":{\"@type\":\"EntryPoint\",\"urlTemplate\":\"https:\\\/\\\/spinbetter.center\\\/azerbaijan\\\/?s={search_term_string}\"},\"query-input\":{\"@type\":\"PropertyValueSpecification\",\"valueRequired\":true,\"valueName\":\"search_term_string\"}}],\"inLanguage\":\"az\"}]}<\/script>\n<!-- \/ Yoast SEO plugin. -->","yoast_head_json":{"title":"SpinBetter Az\u0259rbaycan ortaq proqram: Sabit passiv g\u0259lir","description":"SpinBetter ortaq proqram\u0131n\u0131n x\u00fcsusiyy\u0259tl\u0259ri. M\u00fc\u015ft\u0259ril\u0259ri c\u0259lb etm\u0259yin yollar\u0131 v\u0259 filial \u00f6d\u0259ni\u015f sxeml\u0259ri. Filial g\u0259lirinizi nec\u0259 art\u0131rmaqla ba\u011fl\u0131 m\u0259sl\u0259h\u0259tl\u0259r.","robots":{"index":"index","follow":"follow","max-snippet":"max-snippet:-1","max-image-preview":"max-image-preview:large","max-video-preview":"max-video-preview:-1"},"canonical":"https:\/\/spinbetter.center\/azerbaijan\/partners\/","og_locale":"az_AZ","og_type":"article","og_title":"SpinBetter Az\u0259rbaycan ortaq proqram: Sabit passiv g\u0259lir","og_description":"SpinBetter ortaq proqram\u0131n\u0131n x\u00fcsusiyy\u0259tl\u0259ri. M\u00fc\u015ft\u0259ril\u0259ri c\u0259lb etm\u0259yin yollar\u0131 v\u0259 filial \u00f6d\u0259ni\u015f sxeml\u0259ri. Filial g\u0259lirinizi nec\u0259 art\u0131rmaqla ba\u011fl\u0131 m\u0259sl\u0259h\u0259tl\u0259r.","og_url":"https:\/\/spinbetter.center\/azerbaijan\/partners\/","og_site_name":"SpinBetter az","article_modified_time":"2025-03-26T08:30:56+00:00","twitter_card":"summary_large_image","schema":{"@context":"https:\/\/schema.org","@graph":[{"@type":"WebPage","@id":"https:\/\/spinbetter.center\/azerbaijan\/partners\/","url":"https:\/\/spinbetter.center\/azerbaijan\/partners\/","name":"SpinBetter Az\u0259rbaycan ortaq proqram: Sabit passiv g\u0259lir","isPartOf":{"@id":"https:\/\/spinbetter.center\/azerbaijan\/#website"},"datePublished":"2024-11-08T08:39:19+00:00","dateModified":"2025-03-26T08:30:56+00:00","description":"SpinBetter ortaq proqram\u0131n\u0131n x\u00fcsusiyy\u0259tl\u0259ri. M\u00fc\u015ft\u0259ril\u0259ri c\u0259lb etm\u0259yin yollar\u0131 v\u0259 filial \u00f6d\u0259ni\u015f sxeml\u0259ri. Filial g\u0259lirinizi nec\u0259 art\u0131rmaqla ba\u011fl\u0131 m\u0259sl\u0259h\u0259tl\u0259r.","breadcrumb":{"@id":"https:\/\/spinbetter.center\/azerbaijan\/partners\/#breadcrumb"},"inLanguage":"az","potentialAction":[{"@type":"ReadAction","target":["https:\/\/spinbetter.center\/azerbaijan\/partners\/"]}]},{"@type":"BreadcrumbList","@id":"https:\/\/spinbetter.center\/azerbaijan\/partners\/#breadcrumb","itemListElement":[{"@type":"ListItem","position":1,"name":"Home","item":"https:\/\/spinbetter.center\/azerbaijan\/"},{"@type":"ListItem","position":2,"name":"T\u0259r\u0259fda\u015f"}]},{"@type":"WebSite","@id":"https:\/\/spinbetter.center\/azerbaijan\/#website","url":"https:\/\/spinbetter.center\/azerbaijan\/","name":"SpinBetter","description":"SpinBetter","alternateName":"Spin Better","potentialAction":[{"@type":"SearchAction","target":{"@type":"EntryPoint","urlTemplate":"https:\/\/spinbetter.center\/azerbaijan\/?s={search_term_string}"},"query-input":{"@type":"PropertyValueSpecification","valueRequired":true,"valueName":"search_term_string"}}],"inLanguage":"az"}]}},"amp_enabled":true,"_links":{"self":[{"href":"https:\/\/spinbetter.center\/azerbaijan\/wp-json\/wp\/v2\/pages\/382","targetHints":{"allow":["GET"]}}],"collection":[{"href":"https:\/\/spinbetter.center\/azerbaijan\/wp-json\/wp\/v2\/pages"}],"about":[{"href":"https:\/\/spinbetter.center\/azerbaijan\/wp-json\/wp\/v2\/types\/page"}],"author":[{"embeddable":true,"href":"https:\/\/spinbetter.center\/azerbaijan\/wp-json\/wp\/v2\/users\/1"}],"replies":[{"embeddable":true,"href":"https:\/\/spinbetter.center\/azerbaijan\/wp-json\/wp\/v2\/comments?post=382"}],"version-history":[{"count":6,"href":"https:\/\/spinbetter.center\/azerbaijan\/wp-json\/wp\/v2\/pages\/382\/revisions"}],"predecessor-version":[{"id":496,"href":"https:\/\/spinbetter.center\/azerbaijan\/wp-json\/wp\/v2\/pages\/382\/revisions\/496"}],"wp:attachment":[{"href":"https:\/\/spinbetter.center\/azerbaijan\/wp-json\/wp\/v2\/media?parent=382"}],"curies":[{"name":"wp","href":"https:\/\/api.w.org\/{rel}","templated":true}]}}