{"id":319,"date":"2024-10-22T13:42:47","date_gmt":"2024-10-22T13:42:47","guid":{"rendered":"https:\/\/spinbetter.center\/azerbaijan\/?page_id=319"},"modified":"2025-03-26T09:15:52","modified_gmt":"2025-03-26T09:15:52","slug":"app","status":"publish","type":"page","link":"https:\/\/spinbetter.center\/azerbaijan\/app\/","title":{"rendered":"T\u0259tbiq"},"content":{"rendered":"","protected":false},"excerpt":{"rendered":"","protected":false},"author":1,"featured_media":0,"parent":0,"menu_order":0,"comment_status":"closed","ping_status":"closed","template":"","meta":{"footnotes":""},"class_list":["post-319","page","type-page","status-publish","hentry"],"yoast_head":"<!-- This site is optimized with the Yoast SEO plugin v24.5 - https:\/\/yoast.com\/wordpress\/plugins\/seo\/ -->\n<title>SpinBetter Az\u0259rbaycan Android v\u0259 iOS \u00fc\u00e7\u00fcn mobil proqram<\/title>\n<meta name=\"description\" content=\"SpinBetter mobil proqram x\u00fcsusiyy\u0259tl\u0259ri. Y\u00fckl\u0259m\u0259 v\u0259 qura\u015fd\u0131rma t\u0259limatlar\u0131. T\u0259tbiqd\u0259 bonus \u0259ld\u0259 etm\u0259k v\u0259 i\u015f\u0259 sal\u0131nma probleml\u0259rini nec\u0259 h\u0259ll etm\u0259k olar?\" \/>\n<meta name=\"robots\" content=\"index, follow, max-snippet:-1, max-image-preview:large, max-video-preview:-1\" \/>\n<link rel=\"canonical\" href=\"https:\/\/spinbetter.center\/azerbaijan\/app\/\" \/>\n<meta property=\"og:locale\" content=\"az_AZ\" \/>\n<meta property=\"og:type\" content=\"article\" \/>\n<meta property=\"og:title\" content=\"SpinBetter Az\u0259rbaycan Android v\u0259 iOS \u00fc\u00e7\u00fcn mobil proqram\" \/>\n<meta property=\"og:description\" content=\"SpinBetter mobil proqram x\u00fcsusiyy\u0259tl\u0259ri. Y\u00fckl\u0259m\u0259 v\u0259 qura\u015fd\u0131rma t\u0259limatlar\u0131. T\u0259tbiqd\u0259 bonus \u0259ld\u0259 etm\u0259k v\u0259 i\u015f\u0259 sal\u0131nma probleml\u0259rini nec\u0259 h\u0259ll etm\u0259k olar?\" \/>\n<meta property=\"og:url\" content=\"https:\/\/spinbetter.center\/azerbaijan\/app\/\" \/>\n<meta property=\"og:site_name\" content=\"SpinBetter az\" \/>\n<meta property=\"article:modified_time\" content=\"2025-03-26T09:15:52+00:00\" \/>\n<meta name=\"twitter:card\" content=\"summary_large_image\" \/>\n<script type=\"application\/ld+json\" class=\"yoast-schema-graph\">{\"@context\":\"https:\/\/schema.org\",\"@graph\":[{\"@type\":\"WebPage\",\"@id\":\"https:\/\/spinbetter.center\/azerbaijan\/app\/\",\"url\":\"https:\/\/spinbetter.center\/azerbaijan\/app\/\",\"name\":\"SpinBetter Az\u0259rbaycan Android v\u0259 iOS \u00fc\u00e7\u00fcn mobil proqram\",\"isPartOf\":{\"@id\":\"https:\/\/spinbetter.center\/azerbaijan\/#website\"},\"datePublished\":\"2024-10-22T13:42:47+00:00\",\"dateModified\":\"2025-03-26T09:15:52+00:00\",\"description\":\"SpinBetter mobil proqram x\u00fcsusiyy\u0259tl\u0259ri. Y\u00fckl\u0259m\u0259 v\u0259 qura\u015fd\u0131rma t\u0259limatlar\u0131. T\u0259tbiqd\u0259 bonus \u0259ld\u0259 etm\u0259k v\u0259 i\u015f\u0259 sal\u0131nma probleml\u0259rini nec\u0259 h\u0259ll etm\u0259k olar?\",\"breadcrumb\":{\"@id\":\"https:\/\/spinbetter.center\/azerbaijan\/app\/#breadcrumb\"},\"inLanguage\":\"az\",\"potentialAction\":[{\"@type\":\"ReadAction\",\"target\":[\"https:\/\/spinbetter.center\/azerbaijan\/app\/\"]}]},{\"@type\":\"BreadcrumbList\",\"@id\":\"https:\/\/spinbetter.center\/azerbaijan\/app\/#breadcrumb\",\"itemListElement\":[{\"@type\":\"ListItem\",\"position\":1,\"name\":\"Home\",\"item\":\"https:\/\/spinbetter.center\/azerbaijan\/\"},{\"@type\":\"ListItem\",\"position\":2,\"name\":\"T\u0259tbiq\"}]},{\"@type\":\"WebSite\",\"@id\":\"https:\/\/spinbetter.center\/azerbaijan\/#website\",\"url\":\"https:\/\/spinbetter.center\/azerbaijan\/\",\"name\":\"SpinBetter\",\"description\":\"SpinBetter\",\"alternateName\":\"Spin Better\",\"potentialAction\":[{\"@type\":\"SearchAction\",\"target\":{\"@type\":\"EntryPoint\",\"urlTemplate\":\"https:\/\/spinbetter.center\/azerbaijan\/?s={search_term_string}\"},\"query-input\":{\"@type\":\"PropertyValueSpecification\",\"valueRequired\":true,\"valueName\":\"search_term_string\"}}],\"inLanguage\":\"az\"}]}<\/script>\n<!-- \/ Yoast SEO plugin. -->","yoast_head_json":{"title":"SpinBetter Az\u0259rbaycan Android v\u0259 iOS \u00fc\u00e7\u00fcn mobil proqram","description":"SpinBetter mobil proqram x\u00fcsusiyy\u0259tl\u0259ri. Y\u00fckl\u0259m\u0259 v\u0259 qura\u015fd\u0131rma t\u0259limatlar\u0131. T\u0259tbiqd\u0259 bonus \u0259ld\u0259 etm\u0259k v\u0259 i\u015f\u0259 sal\u0131nma probleml\u0259rini nec\u0259 h\u0259ll etm\u0259k olar?","robots":{"index":"index","follow":"follow","max-snippet":"max-snippet:-1","max-image-preview":"max-image-preview:large","max-video-preview":"max-video-preview:-1"},"canonical":"https:\/\/spinbetter.center\/azerbaijan\/app\/","og_locale":"az_AZ","og_type":"article","og_title":"SpinBetter Az\u0259rbaycan Android v\u0259 iOS \u00fc\u00e7\u00fcn mobil proqram","og_description":"SpinBetter mobil proqram x\u00fcsusiyy\u0259tl\u0259ri. Y\u00fckl\u0259m\u0259 v\u0259 qura\u015fd\u0131rma t\u0259limatlar\u0131. T\u0259tbiqd\u0259 bonus \u0259ld\u0259 etm\u0259k v\u0259 i\u015f\u0259 sal\u0131nma probleml\u0259rini nec\u0259 h\u0259ll etm\u0259k olar?","og_url":"https:\/\/spinbetter.center\/azerbaijan\/app\/","og_site_name":"SpinBetter az","article_modified_time":"2025-03-26T09:15:52+00:00","twitter_card":"summary_large_image","schema":{"@context":"https:\/\/schema.org","@graph":[{"@type":"WebPage","@id":"https:\/\/spinbetter.center\/azerbaijan\/app\/","url":"https:\/\/spinbetter.center\/azerbaijan\/app\/","name":"SpinBetter Az\u0259rbaycan Android v\u0259 iOS \u00fc\u00e7\u00fcn mobil proqram","isPartOf":{"@id":"https:\/\/spinbetter.center\/azerbaijan\/#website"},"datePublished":"2024-10-22T13:42:47+00:00","dateModified":"2025-03-26T09:15:52+00:00","description":"SpinBetter mobil proqram x\u00fcsusiyy\u0259tl\u0259ri. Y\u00fckl\u0259m\u0259 v\u0259 qura\u015fd\u0131rma t\u0259limatlar\u0131. T\u0259tbiqd\u0259 bonus \u0259ld\u0259 etm\u0259k v\u0259 i\u015f\u0259 sal\u0131nma probleml\u0259rini nec\u0259 h\u0259ll etm\u0259k olar?","breadcrumb":{"@id":"https:\/\/spinbetter.center\/azerbaijan\/app\/#breadcrumb"},"inLanguage":"az","potentialAction":[{"@type":"ReadAction","target":["https:\/\/spinbetter.center\/azerbaijan\/app\/"]}]},{"@type":"BreadcrumbList","@id":"https:\/\/spinbetter.center\/azerbaijan\/app\/#breadcrumb","itemListElement":[{"@type":"ListItem","position":1,"name":"Home","item":"https:\/\/spinbetter.center\/azerbaijan\/"},{"@type":"ListItem","position":2,"name":"T\u0259tbiq"}]},{"@type":"WebSite","@id":"https:\/\/spinbetter.center\/azerbaijan\/#website","url":"https:\/\/spinbetter.center\/azerbaijan\/","name":"SpinBetter","description":"SpinBetter","alternateName":"Spin Better","potentialAction":[{"@type":"SearchAction","target":{"@type":"EntryPoint","urlTemplate":"https:\/\/spinbetter.center\/azerbaijan\/?s={search_term_string}"},"query-input":{"@type":"PropertyValueSpecification","valueRequired":true,"valueName":"search_term_string"}}],"inLanguage":"az"}]}},"_links":{"self":[{"href":"https:\/\/spinbetter.center\/azerbaijan\/wp-json\/wp\/v2\/pages\/319","targetHints":{"allow":["GET"]}}],"collection":[{"href":"https:\/\/spinbetter.center\/azerbaijan\/wp-json\/wp\/v2\/pages"}],"about":[{"href":"https:\/\/spinbetter.center\/azerbaijan\/wp-json\/wp\/v2\/types\/page"}],"author":[{"embeddable":true,"href":"https:\/\/spinbetter.center\/azerbaijan\/wp-json\/wp\/v2\/users\/1"}],"replies":[{"embeddable":true,"href":"https:\/\/spinbetter.center\/azerbaijan\/wp-json\/wp\/v2\/comments?post=319"}],"version-history":[{"count":5,"href":"https:\/\/spinbetter.center\/azerbaijan\/wp-json\/wp\/v2\/pages\/319\/revisions"}],"predecessor-version":[{"id":499,"href":"https:\/\/spinbetter.center\/azerbaijan\/wp-json\/wp\/v2\/pages\/319\/revisions\/499"}],"wp:attachment":[{"href":"https:\/\/spinbetter.center\/azerbaijan\/wp-json\/wp\/v2\/media?parent=319"}],"curies":[{"name":"wp","href":"https:\/\/api.w.org\/{rel}","templated":true}]}}