{"id":360,"date":"2024-11-08T07:17:25","date_gmt":"2024-11-08T07:17:25","guid":{"rendered":"https:\/\/spinbetter.center\/?page_id=360"},"modified":"2025-09-27T08:17:02","modified_gmt":"2025-09-27T08:17:02","slug":"apk","status":"publish","type":"page","link":"https:\/\/spinbetter.center\/argentina\/apk\/","title":{"rendered":"Apk"},"content":{"rendered":"","protected":false},"excerpt":{"rendered":"","protected":false},"author":1,"featured_media":0,"parent":0,"menu_order":0,"comment_status":"closed","ping_status":"closed","template":"","meta":{"footnotes":""},"class_list":["post-360","page","type-page","status-publish","hentry"],"yoast_head":"<!-- This site is optimized with the Yoast SEO plugin v24.5 - https:\/\/yoast.com\/wordpress\/plugins\/seo\/ -->\n<title>Spinbetter APK para Android: Pasos f\u00e1ciles de descarga e instalaci\u00f3n<\/title>\n<meta name=\"description\" content=\"Descarga el APK de Spinbetter Argentina para Android con nuestra sencilla gu\u00eda. Spinbetter APK - \u00a1Prep\u00e1rate para desbloquear funciones exclusivas y amplificar tu juego!\" \/>\n<meta name=\"robots\" content=\"index, follow, max-snippet:-1, max-image-preview:large, max-video-preview:-1\" \/>\n<link rel=\"canonical\" href=\"https:\/\/spinbetter.center\/argentina\/apk\/\" \/>\n<meta property=\"og:locale\" content=\"es_ES\" \/>\n<meta property=\"og:type\" content=\"article\" \/>\n<meta property=\"og:title\" content=\"Spinbetter APK para Android: Pasos f\u00e1ciles de descarga e instalaci\u00f3n\" \/>\n<meta property=\"og:description\" content=\"Descarga el APK de Spinbetter Argentina para Android con nuestra sencilla gu\u00eda. Spinbetter APK - \u00a1Prep\u00e1rate para desbloquear funciones exclusivas y amplificar tu juego!\" \/>\n<meta property=\"og:url\" content=\"https:\/\/spinbetter.center\/argentina\/apk\/\" \/>\n<meta property=\"og:site_name\" content=\"SpinBetter ar\" \/>\n<meta property=\"article:modified_time\" content=\"2025-09-27T08:17:02+00:00\" \/>\n<meta name=\"twitter:card\" content=\"summary_large_image\" \/>\n<script type=\"application\/ld+json\" class=\"yoast-schema-graph\">{\"@context\":\"https:\/\/schema.org\",\"@graph\":[{\"@type\":\"WebPage\",\"@id\":\"https:\/\/spinbetter.center\/argentina\/apk\/\",\"url\":\"https:\/\/spinbetter.center\/argentina\/apk\/\",\"name\":\"Spinbetter APK para Android: Pasos f\u00e1ciles de descarga e instalaci\u00f3n\",\"isPartOf\":{\"@id\":\"https:\/\/spinbetter.center\/argentina\/#website\"},\"datePublished\":\"2024-11-08T07:17:25+00:00\",\"dateModified\":\"2025-09-27T08:17:02+00:00\",\"description\":\"Descarga el APK de Spinbetter Argentina para Android con nuestra sencilla gu\u00eda. Spinbetter APK - \u00a1Prep\u00e1rate para desbloquear funciones exclusivas y amplificar tu juego!\",\"breadcrumb\":{\"@id\":\"https:\/\/spinbetter.center\/argentina\/apk\/#breadcrumb\"},\"inLanguage\":\"es-AR\",\"potentialAction\":[{\"@type\":\"ReadAction\",\"target\":[\"https:\/\/spinbetter.center\/argentina\/apk\/\"]}]},{\"@type\":\"BreadcrumbList\",\"@id\":\"https:\/\/spinbetter.center\/argentina\/apk\/#breadcrumb\",\"itemListElement\":[{\"@type\":\"ListItem\",\"position\":1,\"name\":\"Home\",\"item\":\"https:\/\/spinbetter.center\/argentina\/\"},{\"@type\":\"ListItem\",\"position\":2,\"name\":\"Apk\"}]},{\"@type\":\"WebSite\",\"@id\":\"https:\/\/spinbetter.center\/argentina\/#website\",\"url\":\"https:\/\/spinbetter.center\/argentina\/\",\"name\":\"SpinBetter ar\",\"description\":\"My WordPress Blog\",\"potentialAction\":[{\"@type\":\"SearchAction\",\"target\":{\"@type\":\"EntryPoint\",\"urlTemplate\":\"https:\/\/spinbetter.center\/argentina\/?s={search_term_string}\"},\"query-input\":{\"@type\":\"PropertyValueSpecification\",\"valueRequired\":true,\"valueName\":\"search_term_string\"}}],\"inLanguage\":\"es-AR\"}]}<\/script>\n<!-- \/ Yoast SEO plugin. -->","yoast_head_json":{"title":"Spinbetter APK para Android: Pasos f\u00e1ciles de descarga e instalaci\u00f3n","description":"Descarga el APK de Spinbetter Argentina para Android con nuestra sencilla gu\u00eda. Spinbetter APK - \u00a1Prep\u00e1rate para desbloquear funciones exclusivas y amplificar tu juego!","robots":{"index":"index","follow":"follow","max-snippet":"max-snippet:-1","max-image-preview":"max-image-preview:large","max-video-preview":"max-video-preview:-1"},"canonical":"https:\/\/spinbetter.center\/argentina\/apk\/","og_locale":"es_ES","og_type":"article","og_title":"Spinbetter APK para Android: Pasos f\u00e1ciles de descarga e instalaci\u00f3n","og_description":"Descarga el APK de Spinbetter Argentina para Android con nuestra sencilla gu\u00eda. Spinbetter APK - \u00a1Prep\u00e1rate para desbloquear funciones exclusivas y amplificar tu juego!","og_url":"https:\/\/spinbetter.center\/argentina\/apk\/","og_site_name":"SpinBetter ar","article_modified_time":"2025-09-27T08:17:02+00:00","twitter_card":"summary_large_image","schema":{"@context":"https:\/\/schema.org","@graph":[{"@type":"WebPage","@id":"https:\/\/spinbetter.center\/argentina\/apk\/","url":"https:\/\/spinbetter.center\/argentina\/apk\/","name":"Spinbetter APK para Android: Pasos f\u00e1ciles de descarga e instalaci\u00f3n","isPartOf":{"@id":"https:\/\/spinbetter.center\/argentina\/#website"},"datePublished":"2024-11-08T07:17:25+00:00","dateModified":"2025-09-27T08:17:02+00:00","description":"Descarga el APK de Spinbetter Argentina para Android con nuestra sencilla gu\u00eda. Spinbetter APK - \u00a1Prep\u00e1rate para desbloquear funciones exclusivas y amplificar tu juego!","breadcrumb":{"@id":"https:\/\/spinbetter.center\/argentina\/apk\/#breadcrumb"},"inLanguage":"es-AR","potentialAction":[{"@type":"ReadAction","target":["https:\/\/spinbetter.center\/argentina\/apk\/"]}]},{"@type":"BreadcrumbList","@id":"https:\/\/spinbetter.center\/argentina\/apk\/#breadcrumb","itemListElement":[{"@type":"ListItem","position":1,"name":"Home","item":"https:\/\/spinbetter.center\/argentina\/"},{"@type":"ListItem","position":2,"name":"Apk"}]},{"@type":"WebSite","@id":"https:\/\/spinbetter.center\/argentina\/#website","url":"https:\/\/spinbetter.center\/argentina\/","name":"SpinBetter ar","description":"My WordPress Blog","potentialAction":[{"@type":"SearchAction","target":{"@type":"EntryPoint","urlTemplate":"https:\/\/spinbetter.center\/argentina\/?s={search_term_string}"},"query-input":{"@type":"PropertyValueSpecification","valueRequired":true,"valueName":"search_term_string"}}],"inLanguage":"es-AR"}]}},"_links":{"self":[{"href":"https:\/\/spinbetter.center\/argentina\/wp-json\/wp\/v2\/pages\/360","targetHints":{"allow":["GET"]}}],"collection":[{"href":"https:\/\/spinbetter.center\/argentina\/wp-json\/wp\/v2\/pages"}],"about":[{"href":"https:\/\/spinbetter.center\/argentina\/wp-json\/wp\/v2\/types\/page"}],"author":[{"embeddable":true,"href":"https:\/\/spinbetter.center\/argentina\/wp-json\/wp\/v2\/users\/1"}],"replies":[{"embeddable":true,"href":"https:\/\/spinbetter.center\/argentina\/wp-json\/wp\/v2\/comments?post=360"}],"version-history":[{"count":2,"href":"https:\/\/spinbetter.center\/argentina\/wp-json\/wp\/v2\/pages\/360\/revisions"}],"predecessor-version":[{"id":772,"href":"https:\/\/spinbetter.center\/argentina\/wp-json\/wp\/v2\/pages\/360\/revisions\/772"}],"wp:attachment":[{"href":"https:\/\/spinbetter.center\/argentina\/wp-json\/wp\/v2\/media?parent=360"}],"curies":[{"name":"wp","href":"https:\/\/api.w.org\/{rel}","templated":true}]}}